econd derivative of y**3/6 + 3*y. What is g(b)?
-1
Let a(i) be the third derivative of -2*i**3 + 0 + 0*i + 1/24*i**4 + 2*i**2. Give a(8).
-4
Let p(m) be the first derivative of -m**3/3 + 2*m**2 - 3*m - 2. Let w be p(2). Let u(q) = -2 - 7*q - 2 + 5. Give u(w).
-6
Suppose 83*x - 30 = 88*x. Let f(m) = -6*m + 5*m**2 - 2*m**3 + 3*m**3 - 9 - m. What is f(x)?
-3
Let z(v) = -13*v**2 - 11*v + 5. Let j(i) = -3*i**2 - 3*i + 1. Let k(a) = -9*j(a) + 2*z(a). Suppose -5*n = 3*l - 7, 4*l - 3*n = -0*l - 39. Calculate k(l).
7
Let k = -1 - -1. Suppose 3*h + 2 + 4 = k. Let q(i) = -i - 2*i - 2 - i**3 - 3*i**2 - 1. Determine q(h).
-1
Let r be (-4)/12 + 334/3. Suppose 0 = 2*f - 3*n - r, f - 14 - 34 = 4*n. Let m be f/14 - 8/28. Let d(w) = w**3 - 3*w**2 - 4*w + 6. Determine d(m).
6
Let r(k) be the third derivative of k**5/30 - k**4/6 - k**3/3 + k**2. Let p(z) = -z. Let d(a) = 3*p(a) - r(a). Determine d(2).
-4
Suppose 2 = -p + 5. Let n(u) = -3*u**p + 3*u**2 - 5 - u - 7*u**2 + 2*u**3. Let c be 2/7 + 60/(-14). Give n(c).
-1
Let a(x) be the third derivative of x**4/24 - 3*x**3/2 + 7*x**2. Calculate a(7).
-2
Let s(d) be the third derivative of -d**5/60 - d**3/6 - 8*d**2. Let y(h) = -3*h**2 + 5*h + 3. Let o(l) = 2*s(l) - y(l). Give o(6).
1
Let f(p) = 2*p + 2. Let i(x) be the third derivative of x**4/24 + x**2. Suppose 4*z - 1 = 11. Let v(n) = z*i(n) - f(n). Calculate v(4).
2
Let o(w) = w + 24 + 24 - 47. What is o(8)?
9
Let c(j) = j**3 - 5*j**2 + 4*j + 3. Suppose 6*k - 15 = k. Suppose -k*f = -2*u - 11, 3*f - 4*u + 23 = 6*f. Suppose f + 3 = 2*y. Calculate c(y).
3
Suppose 4 = -0*j + 2*j. Suppose 3*n - 4*n - 2*u - 8 = 0, -j*n + 14 = -2*u. Let f(q) = 9*q + 3 - q**2 - q**n - 4*q - q**3. What is f(-3)?
-3
Suppose 10*l = 5*l. Let s(v) be the first derivative of -v**3/3 - v**2/2 + 9*v - 3. Give s(l).
9
Let w(h) = -h**2 + 4*h - 3. Let a = -2 + 0. Let v be (-1 + 3 - 1) + a. Let c be 1 + v + (5 - 2). Give w(c).
0
Let v = 5 - 9. Let k(l) be the first derivative of -l**3/3 - 5*l**2/2 + 5*l + 1. Determine k(v).
9
Let n(z) = -z**2 - z + 11. Let q(f) = -f**3 + 2. Let d be q(0). Let o be d/(-7) - 78/21. Let s be (-4 - o)/(-4 - -2). Calculate n(s).
11
Let l(r) = r**3 + 5*r**2 - r - 1. Suppose 2*x + 0*x - 7 = a, -x - 2*a - 4 = 0. Suppose -x*o = -0*o + 10. Calculate l(o).
4
Let z(i) = i. Let l be z(11). Let g(t) = 5*t**2 + 9*t + 15. Let v(d) = d**2 + 2*d + 3. Let x(o) = l*v(o) - 2*g(o). Determine x(-2).
-1
Let o(d) = -3*d + 3. Let i be (-19)/(-7) - (-14)/49. Suppose -4*g + 6*g = 2*h + 6, i*g - 4*h - 8 = 0. Suppose 0*q - g*c = 3*q + 2, 4*q = 3*c + 14. What is o(q)?
-3
Suppose -3*z + 4 = -z. Let c(o) = -1 + z*o**3 - o - o**2 + o**2. Suppose 0 = -202*t + 193*t - 9. Determine c(t).
-2
Let r(k) = k**2 - 6*k + 2. Let d = -43 + 46. Give r(d).
-7
Let v(d) = 0 + 14*d**3 - 6*d**2 + 0*d**2 - 4 - 2*d - 15*d**3. Give v(-6).
8
Let v(j) be the second derivative of j**5/20 - j**4/2 - 7*j**3/6 + j**2 - 4*j. Determine v(7).
2
Let m(a) = 2*a - 2 - 1 - 1. Let u(f) be the third derivative of -f**4/12 - f**3 - 2*f**2. Let q be u(-5). Calculate m(q).
4
Let z(f) be the first derivative of f**5/120 + 7*f**4/24 + f**3 - 4. Let d(l) be the third derivative of z(l). Determine d(-5).
2
Let g be (-13)/3 - 1/(-3). Let d(r) = -23*r - 15. Let i(q) = -8*q - 5. Let m(u) = -6*d(u) + 17*i(u). Determine m(g).
-3
Let z(f) = -f**2 + 8. Let y be z(0). Let d(g) = -g - 1 - g + y + 3*g. Calculate d(-5).
2
Let w(p) be the third derivative of -p**4/24 + p**3/6 + p**2. Let i(v) = -7*v + 9. Let q = -2 - -3. Let y(z) = q*i(z) - 6*w(z). Calculate y(4).
-1
Suppose -3*r - 3 = -12. Suppose -r*a = -a - v - 13, a - 5*v - 2 = 0. Let u(i) = -i**3 + 7*i**2 - 1. Let f be u(a). Let h(p) = -2*p**2 + p. Calculate h(f).
-3
Let v(o) = -3*o**2 + 25*o - 19. Let d = -11 - -4. Let x(q) = -q**2 + 8*q - 6. Let j(w) = d*x(w) + 2*v(w). Determine j(3).
-5
Let j(o) = o**2 - 8*o + 5. Suppose -y + 12 = 5. What is j(y)?
-2
Suppose -3*v + 6 = -v. Let l(g) = v*g**2 + 1 - 3 - 2*g**2. Suppose 0 = -2*d + y - 0*y + 7, -d - 1 = y. Calculate l(d).
2
Let z = -11 + 11. Let l(h) = -h - 1. Determine l(z).
-1
Let a(h) be the third derivative of h**7/840 - h**6/72 + h**5/40 - 5*h**4/24 - h**3 - 7*h**2. Let z(m) be the first derivative of a(m). Give z(4).
-9
Let l(v) = v**2 - 6*v + 6. Suppose d - 2*d + 4 = 0. Let g be l(d). Let a(k) = 4*k. Determine a(g).
-8
Let h(q) = -q**2 - 7*q + 4. Let r(z) = -z**2 + 25*z - 31. Let x be r(24). Give h(x).
4
Suppose 2*z + 14 = -5*s, 0*z - z - 5*s - 17 = 0. Let t(g) = 3*g**3 - 2*g**2 - 6 - 3*g - g**z - 2*g**2 - 3*g**3. What is t(-4)?
6
Let y be (4/8)/((-4)/8). Let a(w) be the second derivative of -7/6*w**3 + 2*w - 1/2*w**2 + 0. Give a(y).
6
Let v(k) = 9*k + 1 + 3 - 10*k. What is v(5)?
-1
Let z(x) = -x**3 - x**2 + x. Let n(u) = 7*u**3 + u**2 - 13*u + 5. Let h(f) = n(f) + 6*z(f). What is h(6)?
-1
Let l(h) = 4*h - 3*h + 4 + 0*h. Suppose 8 = -3*i + 23. Suppose i*s - 19 = -4. Calculate l(s).
7
Let v(r) = -r**3 + 2*r**2 + 2*r + 1. Let i be v(-1). Let t(j) = 3*j**2 - 7*j**2 - 2 + 4*j + 3*j**i. What is t(5)?
-7
Let f(w) = w**2 + 4*w + 6. Let b = 15 - 9. Let x(k) = -k**2 + 6*k - 4. Let h be x(b). What is f(h)?
6
Let z(g) be the third derivative of g**5/60 - g**4/24 - 7*g**3/6 - 9*g**2. What is z(0)?
-7
Let q(u) = 3*u - 4. Let a be q(3). Suppose -16 = -2*i - 4*c, -a*c = i - c - 14. Let k(o) = 2*o**2 - 3*o + 2. Give k(i).
4
Let v(x) = x**2 - 9*x + 4. Let h be v(9). Suppose h = -3*d + 4*d. Suppose r - 2*r - 3*i - d = 0, -3*r + i - 2 = 0. Let a(w) = 5*w**2 + w + 1. Calculate a(r).
5
Let h(t) = -t**2 + 6*t + 4. Suppose p - 4*p = 4*v - 6, 15 = 4*p + 3*v. Give h(p).
4
Let b(o) = -o + 13. Let y be b(13). Let u(g) = -4 + 0*g + 2*g + 9 + y. Suppose 3 = -l - 1. What is u(l)?
-3
Let d(z) = 3 + 4*z + z**3 + 0 - z + 3*z**2. Let c be 4/6*54/(-12). Give d(c).
-6
Let u(x) be the first derivative of -7/2*x**2 + x - 4. Give u(1).
-6
Let p(r) be the first derivative of -r**2/2 - 1. What is p(-1)?
1
Let r = -12 - -12. Let z(k) = -7*k**2 - 3 + 4*k + r + 8*k**2. Let m = -5 + 0. Calculate z(m).
2
Let y(b) = 0*b - 10 + 10*b**2 + 3*b**2 - 2*b + b**3 - 6*b**2. Let z be y(-7). Let g(d) = -d**2 + 4*d - 3. Calculate g(z).
-3
Let t(x) = -x**3 - 12*x**2 - 10*x + 10. Suppose 209 = -22*m + 3*m. Calculate t(m).
-1
Let z(f) = -2*f + 2. Let g = 28 - 42. Let p = 12 + g. Give z(p).
6
Let d(z) = -z - 2. Suppose 4*c - 22 = -5*v, -2*v + 2*c = c - 14. Give d(v).
-8
Let z(q) = -16*q**2 + 21*q + 30. Let t(c) = 3*c**2 - 4*c - 6. Let o(i) = 11*t(i) + 2*z(i). Let m = 4 - -1. Determine o(m).
9
Let n(t) = -4*t - 2 - 1 + 2*t. Give n(-6).
9
Let t(y) be the first derivative of y**3/3 - y**2/2 - 54. Let d = -3 - -3. Calculate t(d).
0
Let g(u) be the second derivative of -u**4/12 + 4*u**3/3 - 4*u**2 + 15*u. What is g(6)?
4
Let g(w) = -4*w**3 - w - 1. Suppose 8*y - 11 = 7*y - 4*k, 2*k = 4*y + 10. Calculate g(y).
4
Let b = -9 - -21. Suppose b = -5*i + i. Let n(q) = -4*q + 0 - 6*q**2 + 4*q**2 - 1. Determine n(i).
-7
Let a(f) = 2*f**2 + f**3 - 74*f + 74*f. Calculate a(-3).
-9
Let x(t) be the second derivative of t**3/3 + 3*t**2 + t. Suppose -c + 19 = h - 6*c, -h = c + 11. Calculate x(h).
-6
Let c = -4 + 8. Suppose -2*g + c*b = g + 9, g + b - 4 = 0. Let p(y) = -5*y**2. Give p(g).
-5
Suppose -2 = -0*j - 2*j. Suppose 0 = -k - 3*f + f + j, 4*f = -k + 7. Let p(n) = n**3 + 5*n**2 - 2*n - 5. Calculate p(k).
5
Let g(f) = f**3 - 4*f**2 + f + 2. Let l(c) = c + 1. Let p be l(3). Let j(v) be the first derivative of -v**2/2 + 6*v - 7. Let t be j(p). Calculate g(t).
-4
Suppose 2*g - 9 = -m, 5*m + 2*g - 14 = -1. Let q be (-22)/(-5) + (-12)/30. Let b(s) = -s - 1 - q*s + s. What is b(m)?
-5
Let x(w) = 5*w**3 - w**2 + 11*w + 3. Let u(j) = 11*j**3 - 2*j**2 + 23*j + 6. Let d(v) = 6*u(v) - 13*x(v). Determine d(-3).
-6
Let v(a) be the first derivative of a**2 + 1. Suppose 14 = 32*f - 82. Determine v(f).
6
Let o(q) be the second derivative of -q**5/120 - q**3/3 - q. Let w(p) be the second derivative of o(p). Let a be 1/(-3)*(5 - 5). Give w(a).
0
Let l(t) = -2*t**2 - 2*t. Suppose 15 = -3*v, -4*a - v - 12 = -3. Let b = a - 1. Give l(b).
-4
Let o(v) = -v + 12. Let p be o(8). Let r be 2/(-3)*(-1 + p). Let s(u) be the third derivative of u**4/24 + u**3/6 + 2*u**2. What is s(r)?
-1
Let h(a) = a**2 - 2*a + 1. Let j(c) = c**2 + 4*c + 5. Let v